e factors of c.
2
Let q(c) = 2*c - 5. Let y be q(6). Suppose 4*p + 1 = -y. Let r = p - -7. List the prime factors of r.
5
Suppose 0 = -5*d + 10, 4*n - d + 2*d = 14. Suppose -2*x + 35 = n*x. What are the prime factors of x?
7
Suppose 4*o - 178 = 114. Suppose -5*k - 2*t + o = 0, 3*k - 3*t = -t + 47. What are the prime factors of k?
3, 5
Let z be -27*2*(-2)/6. Let j be 2/4 - (-3)/(-6). Suppose -2*y + v + 6 = -0*y, -5*y + 4*v + z = j. What are the prime factors of y?
2
List the prime factors of (-24)/(-60) - 966/(-10).
97
Let s be (-12)/(-8)*2 - -24. List the prime factors of (-1 + 4)*36/s.
2
Let q = 7 + -1. Let c = 14 - q. What are the prime factors of c/20 + (-96)/(-10)?
2, 5
Let u = 2 + 40. What are the prime factors of u?
2, 3, 7
Let y be (-2)/(-4) + 87/(-2). Let p = -31 - y. What are the prime factors of p?
2, 3
Let v be ((-13)/2)/((-3)/6). Suppose 2*n + v + 1 = 0. Let p = -3 - n. What are the prime factors of p?
2
Let m(g) = 7 + 3*g - 4*g + 0*g. List the prime factors of m(-6).
13
Suppose 4*i = -i + 10. Let c(d) = -5*d. Let o be c(-1). Suppose -3*g + o*m = -0*m - 40, -i*g - 4*m + 12 = 0. List the prime factors of g.
2, 5
Let f(j) = -5*j - 3. Let y be f(-4). Let a = 3 - -2. Let n = y - a. List the prime factors of n.
2, 3
Let o(l) = 7*l**2 - 3*l + 3. What are the prime factors of o(-2)?
37
Let j(r) = -r**3 + 9*r**2 - 9*r + 3. Suppose -3*d = -2*d - 8. Let a be j(d). Let v(p) = p**2 + 2*p - 4. What are the prime factors of v(a)?
11
Let x = -5 + 3. What are the prime factors of (-12)/x*2/6?
2
Suppose -2*n = -4*y + y - 79, -86 = 3*y + 5*n. Let q = -4 - y. List the prime factors of q.
23
Let z(g) = g**2 - 4*g - 9. What are the prime factors of z(6)?
3
Suppose 8*z - 5*z + 15 = -5*w, 5*w - 5*z = 25. Suppose 5*j - 2*d - 175 = w, -4*j - 4*d = -45 - 95. What are the prime factors of j?
5, 7
Let u(x) = x**2 + 5*x - 16. List the prime factors of u(-11).
2, 5
Suppose 5*u = -0*u. Suppose -f + 2*f - 16 = u. List the prime factors of f.
2
Suppose -3*v + 45 + 69 = 0. What are the prime factors of v?
2, 19
Let r(o) = -o**3 - 5*o**2 + 6*o - 2. Let u be r(-5). Let y = 46 + u. List the prime factors of y.
2, 7
Suppose 7*t - 9 = 4*t. Suppose -7 + t = 4*a, 4*f = a + 117. List the prime factors of f.
29
Suppose -185 = -5*p - 2*b, -25 - 60 = -2*p - 3*b. List the prime factors of p.
5, 7
Let t(a) = -a. Let y(w) = w**3 + 7*w**2 + 9*w - 8. Let c(z) = 5*t(z) + y(z). Let i be c(-6). Suppose k + 12 = i*k. What are the prime factors of k?
2
Let x(w) be the second derivative of 0 + 1/3*w**3 + 0*w**2 - 4*w. List the prime factors of x(4).
2
Suppose -12 = -5*h - 47. Let b be (1 - 24) + -2 - 3. Let a = h - b. What are the prime factors of a?
3, 7
Let h = -6 - 13. What are the prime factors of -4 + 4 + 2 - h?
3, 7
Suppose -5*u = 28 - 468. What are the prime factors of u?
2, 11
Let t = -168 + 343. What are the prime factors of t?
5, 7
What are the prime factors of (30/(-25))/(6/(-40))?
2
Suppose -4*v + 12 = 0, -y + 41 = -4*v - v. List the prime factors of y.
2, 7
Let x(j) be the third derivative of 1/5*j**5 - 2*j**2 + 8/3*j**3 + 0*j - 1/120*j**6 - 11/24*j**4 + 0. What are the prime factors of x(11)?
2
Let m(t) = t**3 - 9*t**2 + 21*t - 5. What are the prime factors of m(9)?
2, 23
Suppose 3*h - h + 3*a = 9, -3 = -h - 2*a. Suppose h = -4*q + 1. What are the prime factors of (-42)/9*3/q?
7
Let w(d) = -d**3 - 2*d**2 + 6*d + 6. Suppose 5*r - 60 = -5*k, -13 = r - 5*k + k. Let s = r - 11. What are the prime factors of w(s)?
2, 7
Let p(o) = 192*o**3 + 2*o**2 - o. Let m be p(1). Suppose 53 - m = -5*d. What are the prime factors of d?
2, 7
Let k be (-22)/(-6) - 3/(-9). Suppose k*s = -s + 10. Suppose y + u = s*u + 20, 3*u = -5*y + 60. What are the prime factors of y?
3, 5
Let g = -48 + 101. Let a(o) = o**3 + 4*o**2 + 2*o - 1. Let d be a(-3). Suppose l + 2*q = 1 + 16, -d*q = 5*l - g. What are the prime factors of l?
3
Suppose -j = -s - 2, j - 3*s = -2 - 2. Suppose 3*r - 5 = -4*z + 5, 5*r - j = 5*z. What are the prime factors of r?
2
Suppose -4*z + 4 = -3*z. What are the prime factors of 37 - (-3)/z*-4?
2, 17
Let u(b) = 8*b**2 - 10 + 13*b - 4 - b**3 + 3. List the prime factors of u(9).
5
Let o = 12 + -14. Let x = -27 - -2. What are the prime factors of x/o + 15/(-10)?
11
Suppose -v - 15 = 2*x + 2*x, 0 = -2*v + 2*x. Let k(g) = -g**3 - 4*g**2 + 4*g + 3. Let z be k(v). List the prime factors of (-21)/(z/4 + 3).
2, 7
Let p(o) = -o**3 - 4*o**2 - 2*o - 4. Let y be p(-4). Let k = 2 + y. List the prime factors of k.
2, 3
Let h(p) = p**2 + 2*p - 8. What are the prime factors of h(-13)?
3, 5
Let s = 33 - 18. Suppose r - 4*r + s = 0. Suppose -43 = -r*h - 3. What are the prime factors of h?
2
Let v = 11 - 0. List the prime factors of v.
11
Let z(u) = 103*u**3 - 2*u**2 + 2*u - 1. List the prime factors of z(1).
2, 3, 17
List the prime factors of (-5829)/(-21) - (-3 + (-18)/(-7)).
2, 139
Let v be -1 - 0 - 1 - -1. Let d = v - -6. Suppose -4*f = d*i - i + 8, i + 14 = 3*f. List the prime factors of f.
3
Let y(z) = 2*z**3 - 4*z**2 + 2*z. Let g be y(2). Suppose -60 = -5*n - 3*a, 50 = g*n - 0*a + 2*a. What are the prime factors of n?
3, 5
Suppose 5*a - 181 - 94 = 0. List the prime factors of a.
5, 11
Suppose -p = 2*l + 1, -5*l + 3*p + 7 + 18 = 0. List the prime factors of (l/(-8))/((-9)/1908).
53
Let i(f) = f - 2. Let u be i(7). Suppose 2*r - u*r + 6 = 0. Suppose r*d = -2*o - 2*d - 4, 4*o + d = 6. List the prime factors of o.
2
Let h(r) = 4*r**2 - 7*r - 7. List the prime factors of h(4).
29
Suppose 2214 = -4*u + 13*u. List the prime factors of u.
2, 3, 41
Suppose 3*a = -2*a + 5*h + 35, 5*h = -2*a - 21. Let p be -10 + (-3 - (-6 + a)). Let g(w) = w**2 + 9*w + 2. What are the prime factors of g(p)?
2
Suppose 5*s = 0, -3*m - 4*s - 180 = m. Let n = m + 72. List the prime factors of n.
3
Suppose 7*u + 501 = 1369. List the prime factors of u.
2, 31
Let m = -3 - -4. Let l = m - -16. List the prime factors of l.
17
Let q(a) = -a + 17. Let u be q(9). What are the prime factors of ((-50)/u)/((-1)/4)?
5
Suppose s + 970 = 3*c, c - 189 = 5*s + 139. List the prime factors of c.
17, 19
Let j(z) = z**3 + 8*z**2 - 8*z + 4. Let d be j(-9). Let a(r) = -r**2 - 11*r + 2. List the prime factors of a(d).
2
Let d(s) = s**2 + 2. Let z be d(3). Let w = -7 + z. What are the prime factors of w?
2
Let d be 4/(-6)*9/6. Let a be 6/(-4) - d/2. Let r = a - -3. What are the prime factors of r?
2
Let t(s) = -6*s - 6. Let d be t(-7). Suppose -4*p + 40 + d = 0. What are the prime factors of p?
19
Let r(d) be the second derivative of 3*d**5/4 - d**4/12 - d**3/6 + d**2/2 + 3*d. List the prime factors of r(1).
2, 7
Let k(z) = -9*z**2 + 10*z**2 - 4 - 5*z - 2*z. List the prime factors of k(9).
2, 7
Let l(u) = -u**2 - 4*u + 4. Let j be l(-4). List the prime factors of ((-12)/9)/(j/(-42)).
2, 7
What are the prime factors of (3 + -18)*(-34)/6?
5, 17
Suppose -4*v + 24 = 4*l - 2*l, 4*l + 2*v - 36 = 0. Suppose -8 = -4*y + l. What are the prime factors of y?
2
Let f = 11 + 34. Suppose 4*g + f = 189. Suppose -5*w + 0*l + 4*l + g = 0, w - 12 = 2*l. What are the prime factors of w?
2
Let u(t) = t**2 - 5*t + 3. Suppose 0*d = 2*d - 12. Let b be u(d). Suppose 4*g - 11 = b. What are the prime factors of g?
5
Suppose -2*d - 90 = 3*d. Let t = -30 - d. What are the prime factors of (-2)/(((-9)/t)/(-3))?
2
Let x be (-1)/(-1 + (-1)/(-2)). Suppose -2*s + 4 = -x*l, 5*s - 8 - 5 = 2*l. Suppose s*v = -3*j + 21, 5*v - j = 7 + 16. What are the prime factors of v?
5
Let x = -8 + 7. Let g(d) = -17*d + 1. List the prime factors of g(x).
2, 3
Let i be 4/(-1)*(-2)/4. Suppose 4*p = i*p + 12. List the prime factors of p.
2, 3
Suppose 0 = -5*n + 82 - 2. Let o = -2 + n. List the prime factors of o.
2, 7
Suppose -50*y + 425 = -45*y. What are the prime factors of y?
5, 17
Suppose -8*d - 2*y = -3*d - 201, -125 = -3*d + y. Suppose -4*m - 3*x = -d, m - x = x + 2. List the prime factors of m.
2
Let c(g) = g**3 + 3*g**2 - 3*g + 4. Let q be c(-4). Let l = 1 - q. Let f = l - -8. What are the prime factors of f?
3
Suppose -6 = -4*u + 54. List the prime factors of u.
3, 5
List the prime factors of ((-82)/6)/((-2)/6).
41
Let o(k) = 40*k**2 + k - 3. What are the prime factors of o(-2)?
5, 31
Let s(r) = 10*r + 2. What are the prime factors of s(2)?
2, 11
Let b be 4 - ((3 - 77) + 2). Suppose b - 8 =